atest common divisor of 30561225 and 225.
75
What is the greatest common divisor of 851576 and 23584?
88
Calculate the greatest common divisor of 10458565 and 26.
13
What is the highest common divisor of 31857851 and 481?
37
What is the greatest common factor of 19962535 and 1935?
215
What is the highest common divisor of 2560 and 16874320?
80
Calculate the greatest common factor of 16 and 2748912.
16
What is the greatest common factor of 2310 and 65459730?
210
Calculate the greatest common divisor of 320 and 2481392.
16
What is the greatest common divisor of 1358328640 and 320?
320
What is the highest common factor of 7124 and 4340297?
1781
What is the greatest common factor of 2973 and 31465241?
991
Calculate the highest common factor of 295 and 25054940.
295
Calculate the greatest common divisor of 9045 and 10507945.
335
Calculate the highest common divisor of 712126866 and 50358.
7194
Calculate the highest common divisor of 2184 and 929704776.
2184
Calculate the highest common divisor of 17660 and 6857378.
1766
Calculate the highest common factor of 165487 and 15557.
47
What is the greatest common divisor of 12 and 44587244?
4
What is the greatest common divisor of 15 and 39054195?
15
Calculate the highest common factor of 13348642 and 1798.
58
What is the greatest common factor of 9480 and 593664?
24
Calculate the highest common factor of 104785 and 15935.
5
Calculate the highest common factor of 4 and 81786316.
4
Calculate the highest common factor of 18 and 104054.
2
Calculate the greatest common divisor of 6487450 and 350.
50
What is the greatest common divisor of 71419262 and 4742?
4742
What is the highest common factor of 77697 and 2499399?
873
What is the highest common factor of 28 and 6474652?
4
Calculate the greatest common factor of 1512853 and 280727.
167
Calculate the highest common factor of 47813 and 283316.
137
What is the greatest common factor of 11601356 and 2548?
52
What is the highest common factor of 50 and 131405050?
50
What is the highest common divisor of 685044 and 2889?
27
What is the greatest common factor of 36195 and 254706120?
1905
What is the highest common divisor of 2268109138 and 15506?
15506
Calculate the highest common divisor of 1482604 and 2584.
68
What is the greatest common divisor of 55785968 and 336?
112
What is the greatest common divisor of 229003 and 17?
1
Calculate the greatest common divisor of 43 and 5027846208.
43
What is the greatest common divisor of 3108118 and 78?
26
What is the highest common factor of 1850 and 15974?
2
Calculate the greatest common factor of 110695 and 1094505.
655
What is the greatest common factor of 55570 and 42290?
10
What is the highest common divisor of 756 and 29396115?
189
What is the greatest common factor of 299975890 and 5?
5
Calculate the greatest common divisor of 4551 and 54305730.
123
Calculate the greatest common factor of 655500 and 1863.
69
What is the highest common divisor of 36706547 and 7946?
3973
Calculate the highest common factor of 8868 and 23874873.
2217
Calculate the highest common factor of 21320 and 196820.
260
What is the greatest common divisor of 13493288 and 232?
8
What is the greatest common divisor of 9971145 and 225?
45
Calculate the greatest common factor of 9100 and 178830925.
2275
What is the greatest common factor of 423104 and 994054?
1202
Calculate the highest common divisor of 1066269536 and 9344.
2336
Calculate the highest common divisor of 740 and 609100.
20
What is the greatest common divisor of 1590945915 and 531?
177
Calculate the highest common divisor of 428 and 193084.
4
Calculate the greatest common factor of 4999584 and 3876.
228
What is the greatest common factor of 212040423 and 2835?
567
Calculate the highest common factor of 145700 and 3596.
124
What is the greatest common divisor of 11 and 2913391415?
11
Calculate the highest common factor of 54 and 427287717.
27
Calculate the highest common factor of 11857 and 194722.
167
What is the highest common divisor of 630 and 73637928?
126
Calculate the greatest common factor of 4513194 and 2529.
9
What is the greatest common factor of 7844 and 1024808?
212
Calculate the highest common factor of 795 and 10929585.
15
Calculate the highest common divisor of 1452933 and 207.
207
What is the highest common factor of 41998 and 23092?
46
What is the greatest common factor of 176 and 240113577?
11
What is the highest common factor of 16 and 6665112?
8
What is the highest common factor of 32317788 and 24?
12
Calculate the greatest common factor of 3968336 and 1888.
16
What is the highest common divisor of 17803 and 89585?
19
What is the highest common factor of 306617 and 5535984?
2813
What is the highest common factor of 9436495 and 230443?
2917
Calculate the highest common divisor of 1547 and 16539887.
91
What is the greatest common divisor of 41678 and 53690?
182
What is the greatest common factor of 18 and 9675486?
18
Calculate the greatest common factor of 79654653 and 117.
117
What is the greatest common factor of 5676 and 3055709?
43
Calculate the highest common factor of 59859 and 27216.
81
What is the highest common divisor of 7296 and 2531864?
152
Calculate the highest common divisor of 968394 and 90216.
42
Calculate the greatest common divisor of 1814925 and 8475.
75
What is the highest common divisor of 23366 and 28803602?
3338
Calculate the highest common factor of 9 and 53580996.
9
Calculate the highest common factor of 251682633 and 729.
243
Calculate the highest common divisor of 2269550 and 29450.
950
What is the greatest common factor of 1013 and 3037025663?
1013
Calculate the greatest common factor of 3897839 and 71632.
407
Calculate the greatest common divisor of 10662568 and 2716.
28
Calculate the greatest common divisor of 6253798 and 316.
158
What is the greatest common factor of 182 and 23007075?
91
Calculate the greatest common factor of 106 and 122298401.
53
What is the greatest common factor of 213699032 and 202?
202
What is the highest common factor of 3984 and 99853648?
1328
Calculate the greatest common factor of 188660100 and 233.
233
What is the greatest common divisor of 22845 and 306540?
15
What is the greatest common factor of 44 and 28824466?
22
What is the highest common factor of 869762 and 8?
2
Calculate the highest common divisor of 25713374 and 146.
146
What is the greatest common divisor of 120 and 75217100?
20
Calculate the highest common factor of 122720 and 791830.
130
Calculate the greatest common factor of 1737 and 66759.
3
What is the highest common factor of 9076608 and 112?
16
Calculate the greatest common divisor of 75743755 and 85.
85
What is the highest common divisor of 8037 and 620541?
423
Calculate the highest common divisor of 14639061 and 21.
3
Calculate the greatest common factor of 1212170 and 3870.
430
What is the greatest common divisor of 5051908 and 390892?
4948
What is the highest common factor of 26602 and 255266?
566
Calculate the highest common divisor of 1635560 and 7285.
155
Calculate the highest common factor of 498278886 and 12537.
4179
Calculate the highest common factor of 686 and 3591091.
7
What is the greatest common divisor of 504 and 82882296?
504
Calculate the highest common factor of 34942464 and 27648.
4608
Calculate the greatest common divisor of 2066561 and 35.
7
What is the highest common factor of 68 and 2401684?
4
Calculate the highest common divisor of 10357674 and 5010.
1002
Calculate the highest common divisor of 82410 and 25680.
30
Calculate the greatest common divisor of 9 and 2069543871.
9
What is the highest common factor of 160740766 and 62?
62
What is the highest common divisor of 242011 and 7?
7
What is the greatest common factor of 59048 and 3402520?
968
What is the greatest common factor of 336 and 877704?
24
What is the greatest common factor of 1330798 and 494?
38
What is the greatest common factor of 6 and 1263824?
2
Calculate the greatest common divisor of 511794 and 5112.
18
What is the greatest common divisor of 535 and 10368895?
5
Calculate the highest common divisor of 1997 and 20181682.
1997
Calculate the highest common factor of 137616082 and 86.
86
Calculate the highest common factor of 54856 and 120256.
8
Calculate the greatest common divisor of 778470 and 542850